1217, 8689
What are the prime factors of 73032197?
7, 823, 1811
What are the prime factors of 49354967?
49354967
What are the prime factors of 126908727?
3, 11, 29, 132611
What are the prime factors of 1075142290?
2, 5, 3823, 28123
List the prime factors of 5283197263.
89, 839, 70753
List the prime factors of 21786966.
2, 3, 1210387
List the prime factors of 140500758.
2, 3, 23416793
List the prime factors of 48362983.
113, 427991
What are the prime factors of 1417335666?
2, 3, 19, 47, 264527
List the prime factors of 116553666.
2, 3, 17, 547, 2089
List the prime factors of 300285736.
2, 157, 239081
What are the prime factors of 112839656?
2, 23, 491, 1249
What are the prime factors of 704850073?
17, 431, 96199
List the prime factors of 55186883.
47, 61, 19249
What are the prime factors of 327646217?
327646217
What are the prime factors of 179546332?
2, 7, 67, 95707
What are the prime factors of 177037680?
2, 3, 5, 737657
List the prime factors of 4619459.
13, 355343
List the prime factors of 14895661.
11, 907, 1493
List the prime factors of 47371178.
2, 23685589
List the prime factors of 239526205.
5, 977, 49033
List the prime factors of 3576825028.
2, 7, 313, 408127
What are the prime factors of 2346595385?
5, 97, 4838341
What are the prime factors of 50571648?
2, 3, 14633
List the prime factors of 6054609095.
5, 3889, 311371
What are the prime factors of 426237123?
3, 13, 10929157
What are the prime factors of 57578121?
3, 236947
What are the prime factors of 34839659?
34839659
What are the prime factors of 47202072?
2, 3, 23, 233, 367
List the prime factors of 724430122.
2, 13, 27862697
List the prime factors of 119397976.
2, 19, 53, 14821
List the prime factors of 117236908.
2, 29, 337, 2999
List the prime factors of 870518480.
2, 5, 13, 211, 3967
List the prime factors of 410751016.
2, 13, 3949529
List the prime factors of 17792420.
2, 5, 131, 6791
What are the prime factors of 9646076?
2, 11, 211, 1039
List the prime factors of 18315107.
19, 23, 41911
What are the prime factors of 704143570?
2, 5, 13, 17, 24509
What are the prime factors of 780709097?
7, 111529871
What are the prime factors of 6778732782?
2, 3, 1129788797
What are the prime factors of 1409281622?
2, 7, 23, 29, 150919
What are the prime factors of 248580794?
2, 7, 11, 379, 4259
List the prime factors of 262908467.
262908467
List the prime factors of 602138199.
3, 13, 1489, 10369
What are the prime factors of 47766247?
19, 2514013
List the prime factors of 78419474.
2, 7, 5601391
What are the prime factors of 2842479008?
2, 1063, 83563
What are the prime factors of 363213405?
3, 5, 19, 424811
List the prime factors of 447910329.
3, 47, 79, 509
List the prime factors of 9985348.
2, 31, 80527
List the prime factors of 793721508.
2, 3, 61, 379, 2861
List the prime factors of 539437375.
5, 307, 14057
What are the prime factors of 39112142?
2, 31, 630841
List the prime factors of 379066563.
3, 59, 713873
What are the prime factors of 524623978?
2, 17, 29, 157, 3389
What are the prime factors of 619351820?
2, 5, 17, 23, 79201
List the prime factors of 412271102.
2, 206135551
List the prime factors of 24164034.
2, 3, 37, 89, 1223
What are the prime factors of 7057503567?
3, 1061, 246361
What are the prime factors of 275258120?
2, 5, 79, 87107
List the prime factors of 910372602.
2, 3, 467, 324901
What are the prime factors of 1869499092?
2, 3, 101, 223, 6917
List the prime factors of 450544023.
3, 50060447
What are the prime factors of 2116573152?
2, 3, 22047637
List the prime factors of 48792408.
2, 3, 7, 359, 809
What are the prime factors of 543107094?
2, 3, 439, 206191
What are the prime factors of 3612567?
3, 7, 172027
List the prime factors of 571687230.
2, 3, 5, 193, 98737
What are the prime factors of 259602330?
2, 3, 5, 13, 107, 6221
What are the prime factors of 212288777?
2677, 79301
What are the prime factors of 3245875817?
433, 7496249
List the prime factors of 3953067515.
5, 19, 233, 271, 659
List the prime factors of 680057991.
3, 79, 277, 1151
What are the prime factors of 286078602?
2, 3, 31, 1538057
List the prime factors of 1816549747.
2503, 725749
List the prime factors of 860895103.
14327, 60089
What are the prime factors of 288627842?
2, 144313921
What are the prime factors of 18719012?
2, 13, 359981
What are the prime factors of 233033377?
229, 1017613
What are the prime factors of 5666291303?
4391, 1290433
What are the prime factors of 3904141031?
7, 22037, 25309
What are the prime factors of 148756118?
2, 7, 41, 259157
What are the prime factors of 10475520?
2, 3, 5, 11, 31
List the prime factors of 123036477.
3, 41012159
List the prime factors of 20344764.
2, 3, 11, 154127
What are the prime factors of 11154296?
2, 31, 41, 1097
What are the prime factors of 403391003?
31, 53, 245521
What are the prime factors of 86900107?
7, 17, 730253
What are the prime factors of 72416185?
5, 89, 353, 461
List the prime factors of 4064899.
4064899
What are the prime factors of 5181948327?
3, 1727316109
List the prime factors of 23968373.
11, 13, 167611
What are the prime factors of 13311177?
3, 11, 403369
What are the prime factors of 25880964?
2, 3, 19, 113513
What are the prime factors of 4156343?
1637, 2539
List the prime factors of 2247016.
2, 19, 14783
What are the prime factors of 18456395?
5, 1607, 2297
What are the prime factors of 7348852?
2, 7, 262459
List the prime factors of 4811526007.
67, 71813821
What are the prime factors of 1058311549?
47, 89, 253003
What are the prime factors of 7013232?
2, 3, 113, 431
List the prime factors of 615476605.
5, 2011, 61211
List the prime factors of 19690748.
2, 7, 11, 9133
List the prime factors of 2089590180.
2, 3, 5, 34826503
List the prime factors of 177786805.
5, 7, 5079623
List the prime factors of 2413604573.
2413604573
List the prime factors of 1736536820.
2, 5, 29, 67, 44687
List the prime factors of 898674989.
898674989
What are the prime factors of 759870945?
3, 5, 149, 113329
What are the prime factors of 1455872376?
2, 3, 7, 47, 3923
List the prime factors of 135836407.
7, 653, 29717
What are the prime factors of 7275051?
3, 7, 37, 3121
What are the prime factors of 78821817?
3, 59, 445321
What are the prime factors of 173442100?
2, 5, 13, 133417
List the prime factors of 11514931.
19, 606049
List the prime factors of 346892339.
346892339
What are the prime factors of 11502765?
3, 5, 255617
List the prime factors of 290878922.
2, 311, 467651
What are the prime factors of 337083080?
2, 5, 8427077
List the prime factors of 1982311495.
5, 396462299
What are the prime factors of 510736758?
2, 3, 7, 19, 23, 27827
What are the prime factors of 1347807411?
3, 997, 50069
What are the prime factors of 3270706815?
3, 5, 4157, 52453
List the prime factors of 19045706.
2, 9522853
What are the prime factors of 153555521?
7, 23, 373, 2557
What are the prime factors of 56994158?
2, 13, 173, 12671
What are the prime factors of 364852202?
2, 11, 13, 1275707
What are the prime factors of 45126560?
2, 5, 89, 3169
List the prime factors of 9496850.
2, 5, 11, 31, 557
What are the prime factors of 4222500800?
2, 5, 7, 17, 67, 331
What are the prime factors of 69073096?
2, 8634137
What are the prime factors of 1054218116?
2, 7, 19, 31, 97, 659
List the prime factors of 14374949.
1063, 13523
What are the prime factors of 143033197?
19, 7528063
What are the prime factors of 771241046?
2, 19, 113, 293, 613
What are the prime factors of 722833640?
2, 5, 18070841
List the prime factors of 753714751.
753714751
List the prime factors of 326906200.
2, 5, 1634531
What are the prime factors of 135965392?
2, 101, 84137
What are the prime factors of 21206448?
2, 3, 16363
List the prime factors of 493912055.
5, 7, 13, 1085521
List the prime factors of 172599503.
29, 1933, 3079
List the prime factors of 58719468.
2, 3, 223, 21943
List the prime factors of 5572319765.
5, 47, 761, 31159
What are the prime factors of 470420812?
2, 37, 389, 8171
What are the prime factors of 1066237318?
2, 533118659
What are the prime factors of 1170693697?
373, 3138589
List the prime factors of 722613813.
3, 31, 7770041
List the prime factors of 424764764.
2, 106191191
What are the prime factors of 9858430?
2, 5, 277, 3559
What are the prime factors of 323528